**r - 4*l**2 + 30*l - 16*l + 3 - 10*l. What is a(4)?
3
Let q(x) = x**3 + x - 9. Suppose -3*n = 4*l - 8*n + 8, -4*n = -l - 2. Let f(b) = -5*b + 8. Let d be f(2). Let c be (0 + 0)*d/l. Give q(c).
-9
Let a(q) be the first derivative of -2*q**3/3 + 11*q**2 - 5*q + 77. Determine a(11).
-5
Let i be 82/287 - 3/((-42)/52). Let p(r) = -r**2 + 3*r - 1. Give p(i).
-5
Suppose -5*w = 2*c + c - 10, 0 = -5*w + 3*c + 40. Let m be w + -5 - (-5 - -7). Let d(h) = -3*h + 2*h**2 - h**3 - 5*h**2 + 0 - 1. What is d(m)?
1
Let s be 2 - (11/(-5) + (-28)/35). Let m(i) = -5*i - 3. Let t(c) = 11*c + 7. Let r be ((-6)/(-4))/(1/(-4)). Let l(a) = r*t(a) - 13*m(a). Calculate l(s).
-8
Let d(a) be the third derivative of -a**4/24 - a**3/2 - a**2. Let s be (-4)/((-8)/9) - 2/4. Calculate d(s).
-7
Suppose -6*a = -11*a - 3*m + 23, -48 = -4*a + 5*m. Let f(l) = -l**2 + 9*l - 9. What is f(a)?
5
Let j = 20 - 15. Suppose 0 = i - 5*l - 15, -4*i - i - j*l = -15. Suppose 4*f + 2*b + 24 = 0, -2*f + 0*b - i*b = 20. Let x(t) = -t**2 - 7*t - 7. What is x(f)?
3
Let h(c) = 8*c - 2. Let y(i) = 2*i**2 + 22*i - 23. Let v be y(1). Determine h(v).
6
Let w(j) = -3*j**2 - 3*j. Let p(l) = -l**2 - 1. Let d(a) = -2*p(a) + w(a). Give d(1).
-2
Let c(b) = -36*b + 35. Let m be c(1). Let v(y) be the second derivative of 7*y**5/20 + y**4/6 + y**3/6 - 2*y. What is v(m)?
-6
Let n be 110/(-18) - (544/(-36) + 15). Let t(i) = 3*i - i**3 + 6*i**2 + 1 + 3*i**3 - i**3. Determine t(n).
-17
Let c be 12/2 - (-115)/(-20). Let j(f) be the second derivative of -1/20*f**5 - c*f**4 - 1/2*f**2 + 0 - 3*f - 1/6*f**3. Give j(-2).
-3
Let t be (4/2)/(-12 - -14). Let y be (37/(-74))/(t/(-14)). Let b(r) = r**3 - 7*r**2 - 5. Calculate b(y).
-5
Let r(k) be the second derivative of k**5/4 + k**4/12 + 6*k. Suppose 5*s + 2*c - 56 = 14, -s - 5*c - 9 = 0. Let i be 4/(-10)*(-40)/s. Calculate r(i).
6
Let o(u) = -u - 38. Let z(y) = -2*y - 69. Let k(b) = -11*o(b) + 6*z(b). Suppose 0 = -l - 0 + 8. Give k(l).
-4
Suppose -f - 2*f + 15 = 0. Let c(p) be the second derivative of p**4/12 - p**3/2 - 7*p**2/2 - 39*p. Determine c(f).
3
Let n(a) = a**3 + 7*a**2 + 6*a + 1. Suppose 2*k + 5 = -3. Let r(h) = 3*h + 6. Let u be r(k). Let i be n(u). Let y(j) = -7*j**2 + 1. Give y(i).
-6
Let g(v) = -v**2 - 11*v + 11. Let l(t) = -17*t + 73. Let i be l(5). Give g(i).
-1
Suppose -26*x = -28*x + 16. Let v(j) = -j**2 + 7*j + 11. What is v(x)?
3
Suppose -21 = 3*v + 3*h, 6*v - 5*h - 3 = 3*v. Let i be 50/8 + (9/v - -2). Let r(w) = -w**2 + 2*w + 4. Determine r(i).
-20
Let x(w) be the second derivative of -w**3/6 + 19*w**2/2 - 5*w - 49. Calculate x(8).
11
Let c = -18 - -18. Let s(k) = c*k - 5*k**2 - 2*k**3 - k - 2*k + 7*k**2 + 2. What is s(2)?
-12
Let q(x) = -3 - 2 + 2*x + x**2 - 11 + 26 - 3*x**3 - 9. Give q(-2).
25
Let y(h) = -h**2 - 19*h - 70. Let u be y(-5). Let z(m) = -m**2 + 4*m + 10. Determine z(u).
10
Let h be (4/26 + (-8)/52)/2. Let i(y) = -4 + 4*y - y - 4*y. What is i(h)?
-4
Let m = -24 - -23. Let c be (-2)/m*(-20)/8. Let x(a) = a - 6. Give x(c).
-11
Let y(h) = h**3 - 2*h**2 + 2*h. Let f be y(2). Suppose 3*a - 8 = -5*k + a, -2*k - a = -f. Let z(d) = d**2 - d + 10. What is z(k)?
10
Let v(h) = -3*h + 5. Let a(j) = j**3 + 8*j**2 - 35*j - 24. Let i be a(-11). What is v(i)?
11
Let m(n) = n - 12. Let g be m(15). Let o(h) = -2*h + g*h**2 + 3*h**2 + h**2 + 9*h - 11. Let l(y) = -11*y**2 - 11*y + 17. Let k(p) = 5*l(p) + 8*o(p). Give k(-3).
3
Let q(h) be the third derivative of 0*h + 0 + 1/15*h**5 - 1/120*h**6 + 1/4*h**4 + 2*h**2 - 1/2*h**3. Give q(5).
2
Let k(p) = -p**3 + 5*p**2 - 5*p - 4. Suppose 0 = c - 4*f + f + 13, -18 = 2*c - 4*f. Let w be (-12)/24*8/c. What is k(w)?
-8
Suppose -99 = -7*c + 18*c. Let l(o) = -o**2 - 8*o - 17. Determine l(c).
-26
Let u(j) be the second derivative of -j**5/20 + 5*j**4/6 - 11*j**3/6 - j**2 - 103*j. Give u(8).
38
Suppose 8 = 4*g - 0. Suppose -g*w + 7*w + 10 = 0. Let b(x) be the first derivative of 4*x**3/3 + x**2/2 + 5. Determine b(w).
14
Let j = -5 - -5. Suppose -7*a + 3*a + 4 = j. Let i(r) = 0*r + a - r**2 + 2*r - 2*r + 4*r. Give i(3).
4
Let h(s) = -s**3 - 12*s**2 + 10*s - 6. Suppose -4*m + 2*p = 15 + 47, 5*m + 4*p + 45 = 0. Calculate h(m).
33
Let p(q) = 8*q - 16*q + 3*q + 6*q + 2. What is p(-4)?
-2
Suppose -q - 16 = -4*y + 56, 0 = -4*y - 12. Let x be q/(-22) + (-8)/(-44). Let c(p) = -p**3 + 4*p**2 + p + 4. Calculate c(x).
8
Let k(f) = 2*f + 9. Let u = -389 - -380. What is k(u)?
-9
Let r(p) = -2*p**2 + 24*p + 25. Let u be r(13). Let f(x) = -9*x**3 - x**2 + 1. What is f(u)?
9
Let o(g) be the first derivative of -g**2 - 15*g - 326. What is o(-11)?
7
Let o(b) = -7*b + 13. Let u(f) = 3*f - 6. Let d(j) = 2*o(j) + 5*u(j). Let c = 9 + -9. Determine d(c).
-4
Let j(l) = -l**2 + 84 - 46 - 3*l - 39. Suppose 5*z = 2*z + 33. Let k = 9 - z. Give j(k).
1
Let j(l) = 12*l + 25*l - 38*l - 3. Determine j(7).
-10
Suppose -41*j + 0*j + 41 = 0. Let n(u) = 5*u**2 - u. What is n(j)?
4
Suppose 3*i + 8 - 51 = -g, -i - 4*g = -29. Let a(p) = -p + 2. Give a(i).
-11
Let x(t) = 3 + 4 + 150*t - 75*t - 74*t. Determine x(-6).
1
Suppose 2 - 14 = 6*k. Let m(b) = -2*b**3 + 2*b**2 - b - b + 2 + 4*b. Calculate m(k).
22
Let k(x) = x**3 + 7*x**2 + 9*x + 4. Suppose -4*v + 2*q = 26, q = -v + 3*q - 8. Give k(v).
-14
Let q(n) = 1 - 4*n - 3*n**2 + 2*n**2 + 5*n + 2. Suppose 0 = 5*p - p - 28. Suppose 11 = -3*s + 5*f, 2*s - p*f = -3*f - 10. Give q(s).
-3
Let k(j) = j - 7. Let b = -10 - -30. Let n be (72/b)/((-2)/(-10)). Suppose -3*y - n = -4*h, 4*h + 3*y - 1 = 5. Calculate k(h).
-4
Let z(p) = 3*p - 38*p**2 + p**3 - 66 + 3*p + 29*p**2 + 65. What is z(8)?
-17
Let v(n) be the third derivative of n**4/8 - n**3/3 - 5*n**2. Calculate v(2).
4
Let a be (-4)/((-32)/(-12))*-4. Suppose -a*s = -3*s - 15. Suppose -5*h - 32 = -4*m, 3*m - s = 2*h - 3*h. Let g(f) = f**2 - 2*f - 1. What is g(m)?
2
Let y(o) = -o**2 - 3*o + 7. Suppose -8*m = -6*m - 94. Suppose m = -8*j - 1. Determine y(j).
-11
Let x = -31 + 28. Let g = x - 2. Let p(t) = 2*t + 10 - 6*t + 10 - 26. What is p(g)?
14
Let s(q) = -6*q + 3. Let v(h) = -7*h + 2. Let c(x) = 6*s(x) - 5*v(x). Suppose -5*z = -2*z - 3. Let a be (0/z)/((-2)/2). Determine c(a).
8
Suppose -2*u - 2*u - 978 = 3*s, -3*s = -u - 237. Let z = 167 + u. Let g be (-2)/8 - 19/z. Let k(w) = w**3 + w**2 - w. Determine k(g).
0
Let n = -3 + 5. Suppose -n*p = -3 + 9. Let g(y) be the first derivative of y**3/3 - y + 13. Give g(p).
8
Let u = -166 - -160. Let j(z) = -z**3 - 7*z**2 - 8*z - 4. Calculate j(u).
8
Let j(i) = -i**3 - 4*i**2 - 2*i - 4. Suppose 4*q + 3*r = -69, -4*q - q - 93 = -3*r. Let b be (9/q)/((-2)/72). Suppose p - b = -22. Give j(p).
4
Suppose -k - 3*p - 7 = 6, k = -4*p - 18. Suppose k*l + 12 = 4*l. Let n(f) = -2*f**2 + 8*f + 2*f**2 - f**2 - 9. Give n(l).
3
Let w(b) be the third derivative of b**5/30 + b**3 - 2*b**2 + 17. Calculate w(0).
6
Let z(q) = 7*q + 2. Let v be (-1)/6 - (-56)/48. What is z(v)?
9
Let z = 388 + -384. Suppose -3*o = 3*n + 3, o - 6*o + 2*n = -30. Suppose -4*p + 5*s = -3, o*s = -2*p + 6*s + z. Let y(w) = -w**2 + 9*w - 10. What is y(p)?
4
Let j(q) = -q**3 + q + 1. Let r(p) = 2*p**3 - 9*p**2 - 12*p + 21. Let b(d) = 3*j(d) + r(d). Determine b(-7).
-11
Let l(x) be the third derivative of -1/24*x**4 + 0 + 1/2*x**3 + 12*x**2 + 0*x. What is l(5)?
-2
Suppose -4*i = 5*q - 49, 5*q = -3*i + 2*i + 16. Let h(d) = -d**3 + 12*d**2 - 12*d + 15. Give h(i).
4
Suppose 56 = -10*a + 24*a. Let b(p) = p**2 - 3*p - 8. What is b(a)?
-4
Suppose w - 5*x = -14, -2*x = -4*w - 16 - 4. Suppose 0 = -4*a - 2*u - 54, a - 4*u = u - 41. Let p be 0 + 0 - a/w. Let c(g) = g**2 + 3*g - 4. Give c(p).
0
Let u(q) = q**2 + 6*q + 1. Let k be u(-3). Let d(r) = -3 - 7*r**2 - 13*r**3 - 6*r**3 + 9*r + 2 + 18*r**3. Determine d(k).
-9
Let a(h) = -7*h**2. Suppose 0 = -2*s - 5*o - 23, 0 = -0*o + 4*o + 20. Calculate a(s).
-7
Suppose -7 = -4*b - 3. Let i = b + 1. Let f(l) = -l + 10 + i*l - l + l. Determine f(-6).
4
Let h(z) = -8*z - 4. Let i(f) = f**3 - 18*f**2 - 21*f + 35. Let o be i(19). Give h(o).
20
Let l(p) = -3*p + 1. Let s(h) = 2*h - 1. Let f(g) = 3*l(g) + 4*s(g). Let w = -87 + 87. Suppose n = -5*i - w + 30, 0 = -5*i + n + 30. What is f(i)?
-7
Let p(c) = 20*c + 12. Let v(n) = -n**3 - 11*n**2 - 11*n - 8. Let z be v(-10). Let k(m) = -m + z*m + 2*m + 5*m + 5. Let t(s) = -12*k(s) + 5*p(s). Determine t(3